of w.
31
Let j be (-1 - 0) + 4 + 2. Suppose -9 = -a + j. List the prime factors of a.
2, 7
Suppose -2*i - s + 20 = 3*s, 0 = -4*i + 3*s + 40. What are the prime factors of i?
2, 5
Suppose -3*o - 5*p = -80 - 26, 0 = 2*o + 3*p - 70. Suppose -o - 3 = -5*i. List the prime factors of i.
7
What are the prime factors of (-3 - 32/4)*(-21 + 0)?
3, 7, 11
Suppose 7*o = 9*o. Suppose o = -4*c + 52. List the prime factors of c.
13
Let m(j) = -j**3 + 5*j**2 - j + 6. Let d be m(5). Let y be (-1)/(-4) - d/4. Suppose 5*o + 3*f - 82 = y, -7*f + 58 = 3*o - 3*f. What are the prime factors of o?
2, 7
Suppose -l + 17 = -4*g, -18 = 2*l + 4*g + 8. Let x(y) = 2*y**2 + 4*y - 1. What are the prime factors of x(l)?
5
Let a = 90 - 63. List the prime factors of a.
3
Suppose -2*a + 81 = 11. What are the prime factors of a?
5, 7
Let y = -59 + 82. What are the prime factors of y?
23
Suppose -3*h + 15 = -81. Suppose j - h = 3*d, 7*d - 2*d = 2*j - 64. List the prime factors of j.
2
Let n = 14 + -12. Suppose -2*b + 16 = n. What are the prime factors of b?
7
Let d = -352 + 638. What are the prime factors of d?
2, 11, 13
Let b(f) = 23*f**2 - 2*f - 2. Let z be b(-1). Suppose s - 1 - z = 0. What are the prime factors of s?
2, 3
Let x = -4 - -9. What are the prime factors of x?
5
Let v be (-3)/((-6)/4*1). Suppose -3*g = -v*g - 2. Suppose -w = -g*m + 2 - 5, -44 = -3*w - m. List the prime factors of w.
13
Let d(w) = -3 + 0*w**2 - w**3 - 4*w**2 - w**2 + 0*w**2. Let q be d(-5). List the prime factors of (-9)/q + -1 - -7.
3
Suppose 5 - 13 = 2*m, -3*x + 4 = -m. Suppose o + x*o + 3*g = 20, 4*g = 2*o - 30. List the prime factors of o.
17
Let c be -2 + 0/(-1) - 18. Let b = 29 + c. List the prime factors of b.
3
Let h be (5/2)/(2/4). Suppose -3*b + h*b - 26 = 0. What are the prime factors of b?
13
Let q = 20 + -14. Let l(c) = -1 - q*c + 0*c - c**2 + c**3 + 0*c**3 + 4*c**2. List the prime factors of l(-4).
7
Let w(j) = j**3 - 4*j**2 - 2*j - 5. Let n be w(5). Let r be ((-12)/8)/((-3)/n). Suppose -5*b + 0*b = -r*d - 15, 5*d = 5. List the prime factors of b.
2
Let g = 45 + -25. Let m be ((-2)/4)/(1/(-16)). Let y = g - m. List the prime factors of y.
2, 3
Suppose 0 = 4*r - 3*j + 41, 2*j = -r + 5*r + 42. Let s = -29 - -50. Let g = r + s. What are the prime factors of g?
2, 5
Suppose -22 = -3*m - 5*z, 24 = -2*m + 3*m + 5*z. What are the prime factors of m - -4*(3 + -2)?
3
Suppose -6*u + 2*u + 428 = -3*j, 5*u + 3*j - 508 = 0. List the prime factors of u.
2, 13
Let j be (-4)/6*(-30)/20. List the prime factors of j/(-5 - -4)*-6.
2, 3
Suppose -3*u - 58 = -2*z, 5*z - 162 = -5*u + 4*u. What are the prime factors of z?
2
Let u(o) = o**2 + 8*o - 26. List the prime factors of u(11).
3, 61
Let s(u) = -5*u - 3. Let m(y) = 9*y + 6. Let j(v) = -6*m(v) - 11*s(v). Let a be j(5). Suppose -5*w = 4*p - 23, -a*p + 1 = 4*w - 3. List the prime factors of p.
2, 3
Suppose 4*i = -l + 25, -4*l + 3*l + 5 = 0. Suppose 25 = -i*v - 0. List the prime factors of 3/(-6) + v/(-2).
2
Suppose 112 = -2*y + 6*y. Suppose 3*l = 5*l - y. Suppose 0 = 4*v + 6 - l. What are the prime factors of v?
2
Let q(i) = -i**2 + 8*i + 4. Let k be q(9). Let j(p) = p**2 + 3*p - 4. Let w be j(k). What are the prime factors of (-4)/w + 60/9?
2, 3
Let p = 13 - 7. Suppose 5*b = 3*z - p*z + 43, -3 = -3*z. Suppose 4*k = -2*x + 42, 2*k + 5*x - b - 25 = 0. List the prime factors of k.
3
Suppose -y = -5*m + 15, -5*m - 6*y + 15 = -2*y. Suppose -4*s + 24 + 136 = 0. Suppose m*i - s = -i. List the prime factors of i.
2, 5
Let m(c) = -c**3 - 13*c**2 + 3*c + 19. Let n be m(-13). List the prime factors of (-61)/(-2) - (-10)/n.
2, 3, 5
Suppose 5*k + 74 = -66. Suppose -2*j - 192 = -5*s - 0*j, 5*s = -5*j + 220. Let g = k + s. What are the prime factors of g?
2, 3
Suppose 36 = 3*m - 7*m. Let k = m - -5. Let o = 6 + k. What are the prime factors of o?
2
Suppose -5*u + 0*u + 20 = 0. Suppose o - 30 = -u*o. Suppose -r = -2*r + o. List the prime factors of r.
2, 3
Let a(n) = -n + 55. What are the prime factors of a(0)?
5, 11
Suppose 2*u - 4 = -0*u. Suppose h - 2*k - 64 = -u*h, 3*k = -2*h + 47. List the prime factors of h.
2, 11
Let x be (-1)/((-1)/(-2)) - 3. Let d(s) = 5*s + 0 - s - 3*s + 12. List the prime factors of d(x).
7
Let j be 2/(-6) + (-116)/(-6). Suppose 5*s - 25 = 0, z - 4*s + 5*s - j = 0. List the prime factors of z.
2, 7
List the prime factors of ((-19)/(-57))/(2/570).
5, 19
Let p = -4 + 10. Suppose 2*z - 31 + 5 = 0. List the prime factors of z/2 - p/(-12).
7
Let g(f) = -2 - 7 + 6*f + 2 - 14*f. List the prime factors of g(-3).
17
Let j(b) = b. Suppose -a + 8 = 4. Let h be j(a). Suppose -21 = -2*w - q + 2*q, -5*w + 57 = -h*q. List the prime factors of w.
3
Suppose -28 = -5*f - 3. Suppose -172 + 62 = -f*g. Suppose 2*b = 2*y + b - g, -33 = -3*y - 2*b. List the prime factors of y.
11
Let x = -7 - -10. What are the prime factors of 6/4*(x + -1)?
3
Suppose 0 = -b - s - s + 30, -3*b + 2*s = -122. List the prime factors of b.
2, 19
Let l(v) = -26*v + 6. Let q be l(7). Suppose 5*s - 72 = s. What are the prime factors of q/(-10) + s/45?
2, 3
Let l = -5 - 1. Let w = -26 + 15. Let o = l - w. List the prime factors of o.
5
Let m be -19*(0 + 1 - 0). Suppose 11 + 13 = -4*o. Let p = o - m. What are the prime factors of p?
13
Let t be 129/(-4) - 1/(-4). Let x = 45 + t. List the prime factors of x.
13
Suppose -4*h + 180 - 48 = 0. What are the prime factors of h?
3, 11
Let d = 82 - 27. List the prime factors of d.
5, 11
Suppose -2*x - 57 = -189. What are the prime factors of x?
2, 3, 11
What are the prime factors of 1/((-6)/(-1074) + 0)?
179
Let d = -2 - -19. Suppose -4*f = -x - 5 - 3, -5*x = -f - d. List the prime factors of f.
3
Let m = -15 + -10. Let w = -18 - m. What are the prime factors of w?
7
Let p = -4 + 12. Let w(j) = -j**3 + 9*j**2 - 6*j. List the prime factors of w(p).
2
Let h be 13 - (-2 - 1 - -6). What are the prime factors of (7 - 3 - 3)*h?
2, 5
Suppose -z + 0*u = 3*u - 38, -3*z + 3*u = -114. What are the prime factors of z?
2, 19
Let r(j) = -j**2 + 17*j + 26. What are the prime factors of r(18)?
2
Let b be -2*1*6/(-3). Suppose -89 = -b*g + 3*u, u + 36 = g + 3*u. What are the prime factors of g?
2, 13
Let j = -220 + 368. What are the prime factors of j?
2, 37
Let r = 7 + 5. Suppose 15*g = 14*g + r. What are the prime factors of g?
2, 3
Let d = 30 + 176. List the prime factors of d.
2, 103
Let y = 25 - 25. Suppose 6*t + y - 96 = 0. What are the prime factors of t?
2
Suppose -25*u + 9*u + 3360 = 0. What are the prime factors of u?
2, 3, 5, 7
Suppose 0 = 10*j - 4*j - 522. What are the prime factors of j?
3, 29
Let m(u) = 2*u - 2. Let x be m(-3). List the prime factors of 9/6*x/(-6).
2
Suppose -5*o - 2*h + 390 = 0, -o + 64 = 2*h - 6. Suppose -2*t + o = 2*t. What are the prime factors of t?
2, 5
Let o(c) = 5*c + 6. Let k(d) = 4*d + 5. Let u(w) = -6*k(w) + 5*o(w). List the prime factors of u(4).
2
List the prime factors of ((-3)/(18/(-104)))/(1/3).
2, 13
Suppose 203 = 9*m - 8*m. Suppose m = 6*j - 31. List the prime factors of j.
3, 13
Let i(m) = 21*m**2 - 5*m + 1. What are the prime factors of i(2)?
3, 5
Let c(y) = y**2 + 8*y + 7. List the prime factors of c(-9).
2
Suppose 7*n = 3*n + 80. List the prime factors of n.
2, 5
Suppose -5*q = 2*s - 6, -4*q = 2*s + 3*s + 2. List the prime factors of q/11 - 1467/(-99).
3, 5
Let n = -3 - 3. Let s be (9/n)/(-3)*4. Suppose 0 = s*q - 4*i - 30, -2*i - 36 = -3*q + i. What are the prime factors of q?
3
Let y = 3 - 1. Let g(w) = 2*w**2 - 6*w - 1. Let n be g(5). Let l = n - y. What are the prime factors of l?
17
Let j be 8 - 11 - (-11)/1. List the prime factors of 220/j - (-1)/(-2).
3
Let c(m) = m**3 + 2*m**2 - 1. Let i be c(1). Let u(s) = s**2 + 3*s - 3. What are the prime factors of u(i)?
7
Let k = -2 - -4. Let z be (-18)/(-4) + k/(-4). Suppose z*w + 24 = 4*j, j + 2*w + w = 10. What are the prime factors of j?
7
List the prime factors of (-2)/(-6) - (-140)/3.
47
Let h(k) = k + 11. Let y be h(-8). What are the prime factors of y - (-25 - (-2 - -5))?
31
Let s be 3/1 - 4 - -1. Suppose t = 2*i - 6, 8*i - 3*i + t - 8 = s. What are the prime factors of i?
2
Let n be (-33)/(-5) - 4/(-10). Suppose -44 = -3*h + n. What are the prime factors of h?
17
Let v be (-2 + 0)*(-3)/2. Suppose -v*w = -a + 27, 3*a + a = -4*w + 60. Let j = a + -10. What are th